(-18). Calculate the remainder when (n/c)/(2/(-5)) is divided by 15.
13
Calculate the remainder when 39 is divided by ((-31)/(-4))/((-53)/(-106))*2.
8
Suppose 3*n = 2*n - n. Suppose d - 3 = -n. What is the remainder when ((-3 - 1) + d)*-110 is divided by 37?
36
Suppose -2266 + 891 = -5*b - 4*m, 5*b - 5*m - 1420 = 0. What is the remainder when b is divided by 84?
27
Let u = 189 - 165. Suppose 0 = -5*d - 8 + 3. Calculate the remainder when -1 + 0 - d - -92 is divided by u.
20
Suppose 0*y - 28 = -4*y. Let g(a) = a**2 - 9*a + 58. What is the remainder when g(4) is divided by y?
3
Let g = 120 - 91. Let y(t) = -t**2 - 9*t - 1. Let r be y(-8). Let c = r - -3. What is the remainder when g is divided by c?
9
Let a = 63 - 133. Let i = a - 108. Let p = -90 - i. What is the remainder when p is divided by 24?
16
Let x be 9/45 - (4/(-5) - 2). Suppose m = -15*s + 16*s + 40, x*s - 20 = -m. What is the remainder when 63 is divided by m?
28
Calculate the remainder when (15176/(-280) - -57)/(2/1080) is divided by 748.
16
Let m = 226 - 187. Suppose n - m = 3*r + 4, r + 201 = 5*n. What is the remainder when n is divided by 22?
18
Let x be ((-20)/(-15))/(9/((-2052)/(-8))). Suppose -3*u + 2*u + x = 3*q, 160 = 4*u + 4*q. Calculate the remainder when 136 is divided by u.
13
Suppose 0 = -4*a - 2*p + 176, 5*p = -0*p - 10. Suppose -557 = -16*w - a. What is the remainder when w is divided by 10?
2
Suppose -4*o - 749*r + 1033 = -750*r, -3*o + 4*r = -804. Calculate the remainder when 287 is divided by o.
31
Let g = -4847 - -4898. Let i(b) = -b**3 - 4*b - 2. Let m be i(-3). Let h = m - 10. Calculate the remainder when g is divided by h.
24
Suppose -o - 12*o = 10*o. Suppose o = -50*r + 54*r + 8, 3*r + 250 = 4*c. Calculate the remainder when c is divided by 16.
13
Let z = 8 - 7. Suppose -4*y + 5*q + 14 = 0, -87*y = -75*y + 5*q - 82. Calculate the remainder when y is divided by z.
0
Let p(f) = -2*f + 1. Let t be p(-3). Suppose -g + 6 = -t. Suppose 29*z - 32*z + 4*l = -223, 381 = 5*z - 2*l. What is the remainder when z is divided by g?
12
Suppose 4*o - 10 = 3*d, 27 = 3*d + o + 17. Suppose 4*b + 3 = 31. Suppose -d*u - 65 = -b*u. Calculate the remainder when 37 is divided by u.
11
Let g = 28048 + -27874. Calculate the remainder when 1044 is divided by g.
0
Suppose -b = -952 + 796. Calculate the remainder when 464 is divided by b.
152
Let w = 16427 - 16415. Let v = 205 - 109. What is the remainder when v is divided by w?
0
What is the remainder when 350 is divided by (((-395)/474)/((-5)/(-3)))/((-2)/156)?
38
Suppose 3*u = -2*u + 20, -4*q + 40 = -5*u. Suppose 22*l - 93 - 39 = 0. What is the remainder when q is divided by l?
3
Suppose -7126*w = -7139*w + 286. Calculate the remainder when 544 is divided by w.
16
Let g be ((-16)/(-10))/4*35. What is the remainder when 23 is divided by (12/g)/((-66)/(-770))?
3
Suppose 0 = -13*g + 17*g - 64. Suppose -g*t = -14*t - 2. Calculate the remainder when 47 is divided by 5 - (t - -1 - 4/1).
5
Suppose 5*d + 5*m + 90 = -10, 5*d - 2*m + 65 = 0. Let g(l) = 4*l**3 + 10*l - 3*l**3 + 7*l**2 + 1 + 9*l**2. Calculate the remainder when g(d) is divided by 13.
11
Suppose 0 = -7*n - 4*q + 21 + 233, 4*n + 3*q - 148 = 0. Let t(c) = 3 + c - 3*c + 2*c - 2*c. What is the remainder when n is divided by t(-3)?
7
Let d(t) = 155*t**3 - 10*t**2 + 31*t - 22. Calculate the remainder when d(1) is divided by 12.
10
What is the remainder when 486/108*(-5404)/(-63) is divided by 121?
23
Suppose -23*m + 25*m = p + 93, 0 = 2*m - 5*p - 73. What is the remainder when 240 is divided by m?
44
Let p = -2962 + 3197. What is the remainder when p is divided by 77?
4
Let c(k) = 14*k + 169. Calculate the remainder when 142 is divided by c(-7).
0
Let u(k) = k**2 + 10*k - 47. Let r be u(0). Let a = r - -56. Suppose -4*q - 5*x - 160 = -a*q, -q = 3*x - 12. Calculate the remainder when q is divided by 10.
7
Let v = -17 + 17. Let j(u) = u**3 + u + 5. Let f be j(v). Calculate the remainder when 54 is divided by (140/(-6))/f*(-30)/5.
26
Calculate the remainder when 758 is divided by 1229/15 + (-14)/1890*-9.
20
Let y = 201 + -20. Let p = -85591 - -85599. What is the remainder when y is divided by p?
5
Let i(x) = x**3 + 4*x**2 - 22*x + 13. Let r(c) = c**3 + 20*c**2 - 24*c + 32. What is the remainder when r(-21) is divided by i(-7)?
15
Let g(o) = o**3 - 4*o**2 + o - 5. Let i be (-14)/(-10) + -2 + (-446)/(-10). Calculate the remainder when g(5) is divided by (i/8 - (-6)/4) + 2.
7
Suppose 20 = -3*o + 4*s, 84*o - 80*o + 5 = s. Suppose -2*y + 0*a = -5*a - 52, -5*y + 3*a + 149 = o. Calculate the remainder when y is divided by 20.
11
Let x = 32 - 3. Suppose -7*m = -11*m + 1288. Suppose 334 = 3*z + m. What is the remainder when x is divided by z?
1
Suppose -2*i + 158 = -3*y - y, -82 = -i - y. Let j(z) = z**3 + 39*z**2 - 84*z - 46. What is the remainder when i is divided by j(-41)?
9
What is the remainder when 11/((-2)/(-14) - 0) is divided by ((-12)/20*5 + 2)*-4?
1
Let h be 74/(-5)*(40 - 10). What is the remainder when 75 is divided by (10064/h)/(-1*(-4)/(-6))?
7
Suppose 3 = -3*u, u = 2*c + 4*u - 1407. Suppose 49 = -275*s + 282*s. What is the remainder when c is divided by s?
5
Suppose 2*h + 2 = 16. Suppose h*a - 39 = 4*a. Calculate the remainder when 126/4*(-106 + 108) is divided by a.
11
Let i = -2977 - -3068. Calculate the remainder when i is divided by 25.
16
Let z(y) be the third derivative of -y**4/4 - 2*y**3/3 - y**2. Calculate the remainder when (5/(-1) - (1 + (-160)/30))*-93 is divided by z(-6).
30
Suppose 4*d - 199 = 233. Suppose 0*s + 4*s = 0. Suppose s = -12*i + 3*i + d. What is the remainder when 58 is divided by i?
10
Suppose -f = -247 - 310. What is the remainder when f is divided by 24?
5
Suppose 0 = -5*m - 5, 5*a + 7*m - 274 = 6*m. What is the remainder when 4343 is divided by a?
53
Suppose -5*i = -s + 19, -4*i = -s + 20 - 6. Calculate the remainder when 267 is divided by (-2)/(144/27 + s).
0
Suppose -9*v + 14*v = 685. What is the remainder when v is divided by 13 + 1 + (-36)/(-6)?
17
Let z = 2738 + 104. Calculate the remainder when z is divided by 354.
10
Suppose 4*g + 148 = 4*w, -2*g + 5*g + 143 = -5*w. What is the remainder when g/(-1)*(3 - 2) is divided by 16?
9
Let x be 4/10*(-745 - -30). What is the remainder when (x/(-66))/((-1)/(-27)) is divided by 33?
18
Let a be (-3)/((-1)/(-35)*3/2). Let z = -28 - a. What is the remainder when 413 is divided by z?
35
Suppose 0 = 133*u - 782 + 117. Calculate the remainder when 10 is divided by u.
0
Let i be (-3)/15 - 210/(-50). Let v be i/3*12/(-8). Calculate the remainder when 99 is divided by (1/(-2))/(v/116) - 4.
24
Let n(x) = -2*x**3 + 102*x**2 + 106*x - 105. Let r be n(52). What is the remainder when ((-350)/40)/(r/16) is divided by 48?
44
Calculate the remainder when 1812 is divided by 20/3*(4 - (-68)/16).
52
Suppose 0 = -3*p + f + 52, -212 = -18*p + 20*p + 24*f. Suppose -6*o + o = -105. What is the remainder when o is divided by p?
7
Suppose 2*w = -11*w + 2002. What is the remainder when w is divided by 249/15 + (-129)/215?
10
Suppose 10*z - 33 = 37. What is the remainder when 207 is divided by (52/z)/((-1)/(3 - 10))?
51
Let z(x) = 13*x**2 + x**3 - 8*x**3 + 8 + 8*x**3. Let p be z(-13). Suppose -172 - 92 = -p*b. What is the remainder when b is divided by 20?
13
Let r(l) = -43*l + 1631. Calculate the remainder when 14274 is divided by r(36).
81
Suppose -3*x + 206 = -i, i + 301 = -2*x + 70. Let r = i + 258. Calculate the remainder when 137 is divided by r.
26
Calculate the remainder when 2622 is divided by (-7749)/(-504) - (-9)/(-24).
12
Suppose -4*s + 9590 - 9586 = 0. Calculate the remainder when 174 is divided by s.
0
Suppose 4*f + 12*f = 4*f. Suppose f = -12*l + 77 + 115. What is the remainder when 377 is divided by l?
9
Suppose -61*q - 6 = -63*q. Suppose -8 - 4 = -v. What is the remainder when v is divided by q?
0
Let i = -3 + -7. Suppose 8*m = -10710 + 2998. Calculate the remainder when i/25 - (-1 + m/10) is divided by 14.
13
Suppose -3*c = 6*t - t - 2, -c - 3*t - 6 = 0. Suppose -h - 45 = -4*h. Suppose 0 = c*d - 4*d - h. What is the remainder when 23 is divided by d?
2
Let f(r) = -2*r**3 + 139*r**2 + 185*r - 87. Calculate the remainder when f(70) is divided by 15.
13
Let m = -4 + 21. Let z(c) = -22*c - 121. Let u be z(-6). Suppose